 2*b. Suppose 0 = -2*a + 25 + v. What are the prime factors of a?
2
Suppose -1555 = 4*h - 5851. What are the prime factors of h?
2, 3, 179
Let n = 14 + -9. Suppose 3*g + 3*h - n = -2*g, 3*g - h + 11 = 0. Let k(j) = 4*j**2 - j + 2. List the prime factors of k(g).
2, 5
Let w = 7 - -5. Suppose -977 - 643 = -w*r. List the prime factors of r.
3, 5
Suppose 3*h = h + 20. Let l be (-1)/((-12)/h + 1). What are the prime factors of l + 1 - 6/2?
3
Suppose -347 = -3*u + 2*l, u + 2*l = -2*l + 111. Let o = u - 55. What are the prime factors of o?
2, 3, 5
Let o be (1 + -2)*(-16 + 4)/4. Suppose 0 = -5*z + 3*d + 774, z + 5*d - 160 = o*d. List the prime factors of z.
2, 3, 13
Let c = 308 - -330. What are the prime factors of c?
2, 11, 29
Let u be -1*2*1*(-54)/(-12). Let t(c) = c**3 + 12*c**2 + 9*c + 30. List the prime factors of t(u).
2, 3
Suppose 3*s + s + 88 = 0. Suppose 7*a + 60 = 2*a. What are the prime factors of (-1)/((s/a)/(-11))?
2, 3
Suppose 4*y - 197 - 79 = 0. Let m = y - 99. Let k = -20 - m. What are the prime factors of k?
2, 5
Let k(d) = 13*d**2 - 2*d + 1. Let a be (1/(-2) + 2)/(3/(-4)). What are the prime factors of k(a)?
3, 19
Suppose 5*u = -2*q + 6024, 6*u + 3*q = 7*u - 1215. List the prime factors of u.
2, 3, 67
Let n be (68/51)/(1/3). Suppose n*p = 18*p - 434. What are the prime factors of p?
31
Let z(f) = -f - 11. Let b be z(-11). Let n(r) = r**2 - r + 165. List the prime factors of n(b).
3, 5, 11
Let b(h) = -1047*h + 116. What are the prime factors of b(-2)?
2, 5, 13, 17
Let g = -11 + 31. List the prime factors of ((g/6)/1)/(7/357).
2, 5, 17
Let j = 610 + -382. List the prime factors of (28/4 - 1)/(8/j).
3, 19
Let g = -26 + 39. Suppose -g - 104 = -3*t. What are the prime factors of t?
3, 13
List the prime factors of (-6)/(-93) + (-4715000)/(-1550).
2, 3, 13
Suppose 2 = -3*j + 8. Suppose k - 36 = j*v, -3*v - 2*v = 20. List the prime factors of k.
2, 7
Let z = 1233 + -288. What are the prime factors of z?
3, 5, 7
Suppose 0*z + 2*z = -72. List the prime factors of (16/12)/((-1)/z).
2, 3
Let h(m) = -8*m**3 - m**2 - m - 1. Let n be h(-1). Suppose n*v = v + 366. Suppose -5*g + 9 = -v. What are the prime factors of g?
2, 7
Let c(f) = -f**3 - 17*f**2 + 21*f + 17. Let k be c(-18). Let i = -1 + -66. Let t = k - i. What are the prime factors of t?
2, 3, 5
Suppose 5*m = -4*r - 44, -3*m - 72 = -4*r - 20. Let v = -10 - m. Suppose -4*l + 1 = v*w + 3, 0 = -4*l - 16. List the prime factors of w.
7
Let g(k) be the first derivative of k**4/2 + 31*k**3/3 - 3*k**2/2 + 13*k + 11. List the prime factors of g(-15).
283
Let n = -525 - -439. Suppose -159 = y + 8*c - 3*c, -c + 691 = -5*y. Let w = n - y. What are the prime factors of w?
53
Suppose 0 = -n, -3*n + 4345 = -y + 6*y. What are the prime factors of y?
11, 79
Let l(x) = -37*x - x**3 - 6*x**2 - 33 - 37*x + 67*x. List the prime factors of l(-7).
5, 13
Let p = 714 + -197. List the prime factors of p.
11, 47
Suppose -9*d + 11042 = -4735. List the prime factors of d.
1753
Let h = 2332 - 1193. List the prime factors of h.
17, 67
Let h be 2/(-4) - 15/(-6). Suppose 2*o + 0*o - 10 = 0, h*d - 5*o - 29 = 0. Let w = d + 14. List the prime factors of w.
41
Let z = -336 + 154. Let y = 2 - -3. What are the prime factors of -1*y*z/65?
2, 7
Let m(c) = 50*c**2 + 4*c + 18. What are the prime factors of m(-3)?
2, 3, 19
Let x(z) = -z + 14. Let t be x(8). Suppose -i + 4*i = -t. What are the prime factors of -10*(i - (3 - 3))?
2, 5
Suppose -5*w + 4*v = -554 - 57, 0 = -2*w + 3*v + 250. List the prime factors of w.
7, 17
Suppose 2*a = g + 1753, 3511 = 4*a + 7*g - 10*g. List the prime factors of a.
2, 19, 23
Let a = 2691 + 446. What are the prime factors of a?
3137
Let b = -508 + 825. What are the prime factors of b?
317
Let l(n) be the first derivative of n**2/2 - 9*n + 4. Let x be l(12). Suppose 4*j + 16 = 2*f, -x*f - 2*j = 2*f - 64. List the prime factors of f.
2, 3
Let z = 1840 + 839. List the prime factors of z.
3, 19, 47
Let u = 771 - 294. What are the prime factors of u?
3, 53
Suppose 0 = -u - 3*d - 1, -5*d - 1 - 10 = u. Let l(g) be the second derivative of g**4/12 - 13*g**3/6 - 4*g**2 + 9*g. What are the prime factors of l(u)?
2, 3
Let z = -88 - -81. Let o(h) = -12*h - 20. What are the prime factors of o(z)?
2
Suppose 2*u + 613 = 1837. What are the prime factors of u?
2, 3, 17
Let r = -6 + 8. Suppose -h - 5*g = 3*h - 537, 0 = r*h + 3*g - 269. What are the prime factors of h?
7, 19
Let z(g) = 3*g**2 + 2*g + 3. Let h be z(4). Suppose 33 = b - h. List the prime factors of b.
2, 23
Let k(m) = -78*m - 6. Suppose -235*a + 233*a - 2 = 0. What are the prime factors of k(a)?
2, 3
Suppose 9*b - 5 + 5 = 0. Suppose b*d - 4*d + 772 = 0. List the prime factors of d.
193
Suppose 141*m = 135*m + 1044. What are the prime factors of m?
2, 3, 29
Let l be (-15)/(-6) - 55/(-10). Let f be l/16 - (-9)/6. Suppose -f*g + 3*p = -61, -g - 41 = -2*g + 5*p. What are the prime factors of g?
2, 13
Suppose 4*q + 5*z = 14537, q - 3*z + 1415 = 5028. What are the prime factors of q?
2, 907
Suppose 0 = 31*g - 627 + 224. List the prime factors of g.
13
Let u be (10/5)/2 + 12. Let g(t) = -t**3 + 8*t**2 + 2*t**3 + u + 9*t + 2*t**2. What are the prime factors of g(-9)?
13
Suppose -6612*l + 6624*l - 30492 = 0. List the prime factors of l.
3, 7, 11
Let f(q) = 27*q**3 + 2*q**2 - q. Let r be f(1). Suppose v = -v + r. List the prime factors of 1 + v - (3 + 0).
2, 3
Let i = -36 - -752. List the prime factors of i.
2, 179
Let k = 131 - 86. Let m = 95 - k. List the prime factors of m.
2, 5
Let t(x) = -414*x + 2. Suppose -5*m - 20 = -5*c, -2*m - 3*c = 3 - 10. Let k be t(m). What are the prime factors of k/11 + 18/99?
2, 19
Let z(o) = -o**2 - 6*o + 1. Let q be z(-6). Let y = q - 14. Let v = 12 - y. List the prime factors of v.
5
Let w be 30/165 + 464/(-11). Let k be 1*(1*-3 + -2). Let q = k - w. What are the prime factors of q?
37
List the prime factors of (-5804)/(-12) + (-8)/12.
3, 7, 23
Let j = -412 - -804. List the prime factors of j.
2, 7
Suppose 0 = -4*o + 9 + 7, 956 = 2*z - 4*o. List the prime factors of z.
2, 3
Suppose -33*c - 2984 = -41*c. List the prime factors of c.
373
Let o(l) = 92*l + 183. What are the prime factors of o(11)?
5, 239
Let t be 4 + 420/((-10)/2). What are the prime factors of -2 - t - (-2 - -1)?
79
Let k = 518 + 562. What are the prime factors of k?
2, 3, 5
Let k = -40 - -52. Suppose -k*j + 17*j = 450. List the prime factors of j.
2, 3, 5
Let p(j) be the third derivative of -j**6/60 - j**5/60 + j**4/12 - 2*j**3/3 + 65*j**2. Let u(h) = -2*h + 5. Let r be u(4). List the prime factors of p(r).
5, 7
Suppose 2*v - 121 = 5*m, m = 4*v - v - 201. Suppose 8*b = 7*b - v. Let z = -40 - b. List the prime factors of z.
2, 7
Let z = 74 + -71. What are the prime factors of z - (-1 - 678/3)?
2, 5, 23
Suppose 2*u = -3*a - 2*u - 6, 2*a = 3*u + 13. Suppose 3*d - a*w - 6 = 0, 2*w = 4*d + 4*w + 6. Suppose b - 6*b + 25 = d. What are the prime factors of b?
5
Let k(z) = 15*z - 25. Let m(b) = b**2 + 16*b - 42. Let h be m(-19). List the prime factors of k(h).
2, 5
Let n(z) = -z**2 - 5*z - 3. Let r(q) = q**2 + 2*q + 3. Let b be r(-2). Suppose -s + 1 = -j, 5*s + 4 - 1 = b*j. List the prime factors of n(s).
3
Let d(q) = 24*q**3 + 2*q**2 - q + 3. What are the prime factors of d(4)?
1567
Suppose 10 = -2*k, 1 = 3*a - 2*k - 15. What are the prime factors of (-1)/((-1)/45 - 0) - a?
43
Suppose 2*x + 32 = 12. Let b(p) = -p**3 - 10*p**2 - 12*p - 5. List the prime factors of b(x).
5, 23
What are the prime factors of 16944/3 - (-16 + 18)?
2, 3, 941
Let k(v) = 24*v + 848. What are the prime factors of k(0)?
2, 53
Let z(b) = b**3 - 11*b**2 + 9*b + 10. Let p be z(10). Suppose 5*l = 3*s + 25, p = -s + 5*s - 4*l + 20. Suppose -4*g + 53 + 51 = s. List the prime factors of g.
2, 13
Suppose 3 = 2*q - 3. Suppose 4*z = -c + 243, 0*z - c = q*z - 183. What are the prime factors of z?
2, 3, 5
What are the prime factors of (-784260)/(-216) - (-2)/12?
3631
Let u = -85 - -89. Suppose u*f = -12, -3*d + f + 55 = -41. What are the prime factors of d?
31
Let v be 1 - -2 - (0 + -1)/1. Let n(h) = -h + 32. List the prime factors of n(v).
2, 7
Let o be (-1)/2 - (-7)/(84/30). Suppose o*y - 520 = -2*y. What are the prime factors of y?
2, 5, 13
Suppose 2725 = 11*c - 1367. What are the prime factors of c?
2, 